t is -188 (base 15) in base 6?
-1345
Convert -e (base 15) to base 10.
-14
-35 (base 16) to base 6
-125
Convert 65 (base 10) to base 5.
230
Convert 3 (base 13) to base 7.
3
What is 51 (base 7) in base 10?
36
Convert a8 (base 12) to base 11.
107
Convert -1 (base 11) to base 5.
-1
Convert 233 (base 4) to base 7.
65
Convert 15 (base 8) to base 12.
11
Convert 10112 (base 3) to base 8.
137
What is -67 (base 15) in base 11?
-89
What is 48 (base 12) in base 14?
40
What is -220 (base 3) in base 6?
-40
10 (base 15) to base 2
1111
-63 (base 13) to base 9
-100
-9c (base 16) to base 15
-a6
What is 12 (base 11) in base 3?
111
What is -120 (base 4) in base 14?
-1a
-2 (base 15) to base 10
-2
What is -a8 (base 13) in base 16?
-8a
-dc (base 15) to base 14
-10b
What is 64 (base 7) in base 5?
141
What is -4 (base 12) in base 6?
-4
Convert -71 (base 13) to base 8.
-134
-33 (base 4) to base 9
-16
5 (base 11) to base 7
5
124 (base 5) to base 6
103
Convert 55 (base 7) to base 6.
104
-14 (base 6) to base 13
-a
14 (base 15) to base 13
16
Convert -3 (base 10) to base 11.
-3
What is -4 (base 5) in base 15?
-4
-70 (base 16) to base 3
-11011
What is 21 (base 7) in base 15?
10
1 (base 5) to base 12
1
0 (base 10) to base 8
0
123 (base 4) to base 12
23
1213 (base 6) to base 3
102000
What is -2 (base 16) in base 7?
-2
What is -2044 (base 5) in base 10?
-274
What is -4 (base 16) in base 6?
-4
What is -34 (base 12) in base 9?
-44
Convert 112 (base 4) to base 11.
20
What is 2101 (base 3) in base 10?
64
Convert 6 (base 14) to base 3.
20
Convert -100 (base 2) to base 6.
-4
-3 (base 7) to base 5
-3
What is 2221 (base 3) in base 10?
79
Convert -6 (base 12) to base 2.
-110
Convert 1 (base 4) to base 12.
1
0 (base 8) to base 16
0
Convert -4 (base 13) to base 10.
-4
Convert 0 (base 12) to base 6.
0
What is 4 (base 5) in base 12?
4
100101 (base 2) to base 11
34
-7 (base 10) to base 6
-11
What is -6 (base 10) in base 3?
-20
Convert -5 (base 12) to base 2.
-101
Convert -114 (base 7) to base 2.
-111100
Convert 3 (base 5) to base 16.
3
Convert 17 (base 11) to base 15.
13
Convert 40 (base 8) to base 3.
1012
-3 (base 15) to base 16
-3
What is -3 (base 13) in base 14?
-3
-11 (base 2) to base 13
-3
What is -9e (base 15) in base 12?
-105
What is 1 (base 11) in base 5?
1
1 (base 2) to base 12
1
Convert -28 (base 9) to base 12.
-22
5 (base 12) to base 16
5
What is -2a (base 15) in base 9?
-44
What is 3 (base 7) in base 2?
11
What is -2 (base 7) in base 16?
-2
Convert b9 (base 15) to base 8.
256
What is 3 (base 9) in base 13?
3
1e (base 16) to base 8
36
What is 1 (base 6) in base 5?
1
Convert -18 (base 9) to base 11.
-16
What is -1 (base 5) in base 7?
-1
47 (base 14) to base 5
223
Convert -4 (base 5) to base 6.
-4
-4 (base 10) to base 7
-4
What is -14 (base 13) in base 2?
-10001
What is 37 (base 12) in base 9?
47
-25 (base 12) to base 11
-27
3 (base 16) to base 2
11
Convert -19 (base 10) to base 12.
-17
Convert 8 (base 13) to base 3.
22
What is 8 (base 11) in base 13?
8
What is -75 (base 9) in base 14?
-4c
Convert 0 (base 8) to base 5.
0
Convert 27 (base 10) to base 8.
33
What is -7 (base 14) in base 5?
-12
2 (base 10) to base 13
2
What is -11 (base 4) in base 10?
-5
What is 11 (base 7) in base 14?
8
Convert -10202 (base 3) to base 15.
-6b
What is -2 (base 11) in base 10?
-2
22 (base 3) to base 10
8
-94 (base 11) to base 4
-1213
141 (base 5) to base 9
51
What is 1 (base 10) in base 5?
1
Convert 1 (base 7) to base 15.
1
121 (base 5) to base 4
210
-11 (base 9) to base 5
-20
Convert -6 (base 14) to base 12.
-6
What is 10000001 (base 2) in base 7?
243
What is 0 (base 7) in base 3?
0
-3b (base 12) to base 4
-233
-5 (base 8) to base 9
-5
Convert 1000 (base 2) to base 9.
8
-43 (base 8) to base 11
-32
Convert -4 (base 9) to base 5.
-4
-15 (base 14) to base 11
-18
What is -16 (base 14) in base 3?
-202
What is -3 (base 8) in base 14?
-3
Convert 10 (base 16) to base 8.
20
Convert 26 (base 10) to base 14.
1c
32 (base 7) to base 15
18
What is -11d (base 16) in base 14?
-165
-2321 (base 4) to base 14
-d3
-24 (base 7) to base 10
-18
Convert -4 (base 11) to base 2.
-100
Convert 12 (base 6) to base 16.
8
What is 2 (base 6) in base 9?
2
What is -17 (base 9) in base 12?
-14
Convert 8 (base 14) to base 8.
10
What is b (base 13) in base 16?
b
-2 (base 4) to base 12
-2
Convert 2f (base 16) to base 9.
52
13 (base 10) to base 7
16
-3 (base 10) to base 16
-3
21 (base 14) to base 9
32
-1200 (base 4) to base 2
-1100000
-1 (base 5) to base 8
-1
Convert -213 (base 4) to base 5.
-124
114 (base 11) to base 6
344
111011 (base 2) to base 12
4b
What is -2 (base 10) in base 2?
-10
Convert -4 (base 14) to base 3.
-11
Convert -3 (base 11) to base 2.
-11
1 (base 5) to base 3
1
Convert 21 (base 4) to base 11.
9
Convert 211 (base 6) to base 12.
67
What is -3 (base 10) in base 12?
-3
1 (base 16) to base 14
1
-1 (base 5) to base 15
-1
Convert -145 (base 6) to base 3.
-2102
What is -215 (base 7) in base 6?
-302
-32 (base 16) to base 3
-1212
What is -13 (base 14) in base 5?
-32
What is -92 (base 13) in base 6?
-315
What is 3 (base 5) in base 15?
3
Convert 0 (base 5) to base 8.
0
What is -16 (base 13) in base 5?
-34
-7 (base 16) to base 4
-13
Convert 7d (base 15) to base 10.
118
Convert -227 (base 12) to base 2.
-100111111
Convert 23 (base 14) to base 2.
11111
11a (base 14) to base 13
13c
-1 (base 13) to base 6
-1
What is -1 (base 4) in base 14?
-1
What is -8 (base 13) in base 2?
-1000
Convert 10000 (base 3) to base 4.
1101
What is 15 (base 9) in base 14?
10
Convert -10 (base 11) to base 5.
-21
-8 (base 10) to base 11
-8
-1aa (base 12) to base 16
-112
What is 1 (base 5) in base 11?
1
2 (base 14) to base 10
2
4 (base 10) to base 7
4
Convert 24 (base 13) to base 8.
36
Convert -21 (base 10) to base 14.
-17
34 (base 5) to base 8
23
37 (base 9) to base 15
24
What is -8 (base 16) in base 10?
-8
What is 223 (base 9) in base 6?
503
Convert 8 (base 14) to base 7.
11
1000 (base 2) to base 11
8
What is 28 (base 9) in base 14?
1c
Convert 110001 (base 2) to base 12.
41
What is 2 (base 8) in base 12?
2
What is 130 (base 13) in base 7?
415
123 (base 7) to base 13
51
2 (base 12) to base 4
2
What is -102 (base 5) in base 14?
-1d
-1 (base 16) to base 2
-1
Convert -4 (base 9) to base 11.
-4
Convert 101201 (base 3) to base 14.
169
-5 (base 11) to base 6
-5
Convert -15 (base 16) to base 4.
-111
Convert 51 (base 8) to base 16.
29
-4a (base 12) to base 13
-46
-30 (base 11) to base 10
-33
-7 (base 10) to base 5
-12
What is -3 (base 8) in base 13?
-3
2 (base 14) to base 11
2
Convert -3 (base 15) to base 14.
-3
Convert 202 (base 7) to base 3.
10201
-2 (base 12) to base 14
-2
-5 (base 9) to base 7
-5
-14 (base 7) to base 11
-10
-3 (base 6) to base 15
-3
-26 (base 13) to base 10
-32
Convert -122 (base 4) to base 9.
-28
32 (base 5) to base 13
14
Convert 10001 (base 2) to base 10.
17
Convert 12 (base 12) to base 10.
14
What is -4 (base 9) in base 2?
-100
Convert -54 (base 8) to base 14.
-32
What is 1 (base 8) in base 2?
1
Convert 4d (base 16) to base 2.
1001101
-101000101 (base 2) to base 8
-505
What is -5 (base 14) in base 13?
-5
What is 7 (base 8) in base 12?
7
-a0 (base 12) to base 11
-aa
Convert 11 (base 15) to base 2.
10000
What is 13 (base 7) in base 4?
22
What is -44 (base 14) in base 6?
-140
What is -104 (base 5) in base 16?
-1d
1230 (base 4) to base 3
11000
Convert 7 (base 10) to base 14.
7
3 (base 9) to base 14
3
What is -1 (base 12) in base 5?
-1
What is 11110000 (base 2) in base 14?
132
Convert 2 (base 9) to base 5.
2
What is -1 (base 7) in base 3?
-1
Convert 35 (base 13) to base 11.
40
What is 2033 (base 4) in base 12?
bb
Convert -1011111 (base 2) to base 9.
-115
81 (base 10) to base 4
1101
13 (base 6) to base 5
14
Convert 27 (base 11) to base 15.
1e
222 (base 6) to base 13
68
What is -31 (base 4) in base 16?
-d
Convert -3 (base 10) to base 11.
-3
-c (base 16) to base 5
-22
What is 2 (base 7) in base 14?
2
-4 (base 13) to base 15
-4
What is -6 (base 10) in base 4?
-12
What is -15 (base 7) in base 13?
-c
-18 (base 13) to base 3
-210
Convert -3e (base 15) to base 6.
-135
Convert 3 (base 15) to base 2.
11
Convert -5 (base 9) to base 5.
-10
3 (base 11) to base 13
3
Convert 13 (base 7) to base 5.
20
4 (base 15) to base 10
4
What is 0 (base 4) in base 13?
0
Con